 = 3*m + m + 272, 4*n - 287 = -m. What is the units digit of n?
1
Let z be 3/(1/(4/3)). What is the tens digit of (-6)/z - 123/(-6)?
1
Suppose -3*i - 2*g + 15 = -35, 0 = 4*g - 4. What is the units digit of ((-72)/i)/((-3)/4)?
6
What is the units digit of 889/11 - (-14)/77?
1
Let f be (-67122)/(-77) + (-4)/(-14). What is the units digit of 2/(-8) - f/(-32)?
7
Suppose 4 + 38 = 3*f. Suppose -5*p + 6 + f = -5*i, i - 11 = -2*p. What is the units digit of p?
5
Let g(h) = h**2 - h - 18. Let s be g(0). Let u = s - -27. What is the units digit of u?
9
Let f(j) = -j**2 + 5*j - 1. Let u be f(4). Let l(w) = -w + 3. Let p be l(u). Suppose p = -5*s + q + 5, 0 = -4*q. What is the units digit of s?
1
Let l = -6 + 3. Let k(p) = -p**2 - 3*p + 3. Let u be k(l). Suppose -v - 41 = -u*w - 9, -4*w = 2*v - 46. What is the tens digit of w?
1
Let q(w) = w**3 + 10*w**2 + 8*w - 6. Let l be q(-9). Suppose v = l*v. Suppose -4*x + 7*x - 36 = v. What is the units digit of x?
2
Let k(v) = -5*v**3 + 2*v**2 + 2*v - 2. Let c(i) = -14*i**3 + 5*i**2 + 6*i - 5. Let b(x) = -4*c(x) + 11*k(x). What is the tens digit of b(2)?
1
Let b = 158 - 223. Let j = b + 101. What is the units digit of j?
6
Suppose 4 = -i + 7. What is the units digit of 2 - ((i - 3) + -1)?
3
Let t = 2 + -1. Let g be 0/((t - -1) + -1). Suppose g = l - 3 + 1. What is the units digit of l?
2
Let j(b) = 16*b**2 + b + 2. What is the tens digit of j(-1)?
1
Suppose -3*j + 60 = -4*a, -5*j + 38 + 6 = -2*a. Let o = 3 - a. What is the tens digit of o?
1
Let l(p) = -p**3 - 7*p**2 - p - 1. Let d be l(-7). Let m(k) = -k**3 + 6*k**2 + 2*k + 6. What is the tens digit of m(d)?
1
Let w be 2/((-39)/33 + 1). Let f = -6 - w. What is the units digit of f?
5
Suppose -5*w - 2*r + 27 = 0, 5*r + 5 = 2*w - 0*r. Suppose -j - 14 = -4*y, 0*j - 15 = -w*j + 3*y. What is the units digit of j?
6
Let y(z) = z**2 + 5*z - 5. Let l be y(-6). Let i be 49/14 - l/(-2). Let j = i - -6. What is the tens digit of j?
1
Let v(c) = 50*c + 48. What is the tens digit of v(4)?
4
Let q be 3/(-1) - (-790)/10. What is the tens digit of (q/(-5))/(10/(-25))?
3
Suppose 0 = -4*y + 13 + 31. Suppose 3*m - 43 = -2*q, 2*m - 3*m - 4*q = -y. What is the units digit of m?
5
Suppose 3*t + 5 + 4 = 3*o, -5*o = 4*t + 21. Let s(d) = d**2 + 3*d - 4. Let h be s(t). Suppose -f + 6 + 0 = h. What is the units digit of f?
6
Suppose a + 0*a = 5. Let z = 15 - 13. Suppose -a*p + 15 = 5*h - 20, 2 = z*h. What is the units digit of p?
6
Let j(w) be the third derivative of w**5/60 - 5*w**4/24 + w**3/2 - w**2. Let i be (1 - (2 - -1)) + 7. What is the units digit of j(i)?
3
Let f(t) = 29*t - 1. Let q(d) = -d**2 - d + 1. Let o be q(-1). What is the units digit of f(o)?
8
Let q be (1/2)/(4/8). Suppose b - 80 = -3*r, 4*b + q + 3 = 0. What is the tens digit of r?
2
Suppose 14*m - 33 = 11*m. What is the units digit of m?
1
Suppose 4*a - 8 + 0 = -2*p, 2*a + 2*p = 4. Suppose -80 = -a*m - 18. What is the tens digit of m?
3
Suppose 3*i - 535 = -2*i. Let f = -76 + i. What is the tens digit of f?
3
Suppose -l + 4*l = 0. Suppose c - 4*z + 6 = -l*c, z = 2*c - 2. What is the units digit of c?
2
Suppose 10 = -4*l + 3*l. Let d = -5 - l. What is the units digit of d?
5
Let o be 96/54 - (-2)/9. Let c(t) be the first derivative of 2*t**3/3 - t**2/2 - 2*t - 2. What is the units digit of c(o)?
4
Let k = -2 - -1. Let y(g) be the first derivative of 10*g**3/3 - g**2/2 - 10. What is the units digit of y(k)?
1
Let h = 125 - 76. What is the tens digit of h?
4
Suppose 5*k + 27 - 2 = 5*w, 5*k + 17 = 4*w. What is the units digit of w?
8
Suppose 64 + 16 = 2*w. Suppose -6*m + 2*m = -w. What is the tens digit of m?
1
What is the tens digit of ((-29)/(-5))/(3/15)?
2
Suppose 5*v - 10*v = 3*g - 958, -3*v = -3*g + 942. What is the tens digit of g?
1
Suppose -1 = 4*k - 33. Suppose -7 = 5*y + k. Let q = y + 8. What is the units digit of q?
5
Let s(x) = -x**3 + 7*x**2 - x + 7. Let p be s(7). Let q = p + 10. What is the units digit of q?
0
Let w(a) be the first derivative of a**3/3 + a**2/2 + 6*a + 1. What is the units digit of w(0)?
6
What is the units digit of 9/45 - (-9)/5?
2
Let w = -1 - 12. Let b = w + 8. What is the units digit of (-16)/b - (-1)/(-5)?
3
Let k = 49 - -213. What is the units digit of k?
2
Let m(i) be the third derivative of -i**4/6 - 2*i**3 - 6*i**2. What is the units digit of m(-7)?
6
Let t = 65 + -28. What is the tens digit of t?
3
Let y = 150 - 64. What is the units digit of y?
6
What is the tens digit of (66/24)/(-1*1/(-28))?
7
Suppose -3*z - z - 4*n + 8 = 0, 5*n + 10 = 0. What is the units digit of z?
4
Let i = -43 - -70. What is the tens digit of i?
2
What is the units digit of 234/(-12)*-1*(-1 + 3)?
9
Let v = -98 + 510. What is the hundreds digit of v?
4
Let s = -12 + 24. Let l be (s/7)/(1/(-7)). Let c = 18 + l. What is the units digit of c?
6
Let h(m) = m**3 - 8*m**2 - 7*m - 9. Let z = 118 - 166. Let v be 9/12*z/(-4). What is the units digit of h(v)?
9
Let r(s) = 5*s - 2. Let b be r(2). Let k be (-3)/15 - b/10. Let c = k - -5. What is the units digit of c?
4
What is the tens digit of ((-3)/(-1))/3*51?
5
Suppose -d = -5*d + 12. Suppose 0 = l - d + 2. What is the units digit of l?
1
Let h = 221 + -96. Suppose -3*a - g + 5*g + h = 0, -a + 37 = g. What is the units digit of a?
9
Let t(u) = -2*u - 21. Let r(z) = 3*z + 21. Let m(y) = -3*r(y) - 4*t(y). What is the tens digit of m(9)?
1
Suppose -406 = -i - 6*i. What is the units digit of i?
8
Let c = -18 + 22. Suppose c*o + v = 16, -7 = 2*o - o + 3*v. What is the units digit of o?
5
Suppose 2*p - 4*g = -18, 0 = p - 4*g + 6 + 11. Let j(y) = -18*y**3 - 1. What is the tens digit of j(p)?
1
Let h be ((-6)/4)/((-9)/12). Let o(l) = 9*l - 3. Let f be o(h). Let p = f + -9. What is the units digit of p?
6
Let c(o) = o**2 - 7*o - 13. Let w be c(9). Suppose 5*y = 5 + w. What is the units digit of y?
2
Suppose 0 - 10 = -5*x. What is the units digit of (-8)/(((-4)/11)/x)?
4
Let y = -4 + 8. Suppose 1 = 3*t - 5*c - 8, 0 = t - 3*c - 3. Suppose y*x = x + t. What is the units digit of x?
1
What is the tens digit of (2 + 165/(-12))*-4?
4
Suppose -2*f + 91 = 5*x, -2*f - 100 = -4*f + 4*x. What is the units digit of f?
8
Let t be 2 + 1/(-2)*2. Let i(a) = 2*a. Let g be i(t). Suppose 2*j - w = 1, -g*w + 14 = 3*j - w. What is the units digit of j?
3
Let m(x) = 5*x - 3*x**3 - 2*x**2 + 2*x**3 + 0*x**2 + 0*x**3 + 3. Let r be 2 + 12/(-4) + -3. What is the units digit of m(r)?
5
Let k = -13 - -13. Suppose k = -3*v + v + 24. What is the units digit of v?
2
Let v = 1334 - 930. What is the tens digit of v?
0
Suppose -95 = -2*u - u - 2*i, -60 = -2*u - 3*i. What is the tens digit of u?
3
Suppose -82 = 4*w - 5*w - 4*t, 4*w - 3*t - 252 = 0. What is the tens digit of w/4 + 12/(-8)?
1
Let q = -26 - -66. What is the units digit of q?
0
Let g(i) = i**2 - 6*i + 14. Let u be g(8). Let k = u - 25. What is the units digit of k?
5
Suppose 5*p - 742 = 223. What is the hundreds digit of p?
1
Let d = 12 + -11. Let x(y) = 5*y**2 - 1. What is the units digit of x(d)?
4
Let a(b) = b**2 - 6*b + 1. Let v be a(6). Suppose 3*o - j - 47 = 0, 2*o - 3*j - v = 3*o. Suppose -21 = -5*s + o. What is the units digit of s?
7
Suppose 27 = 4*w - w. Let v = w + -5. Suppose -v*g + 21 = 1. What is the units digit of g?
5
Suppose -12 = -5*t + t. What is the units digit of t?
3
Let m(v) = v**2 - 6*v - 6. Let p be m(6). What is the units digit of 1*(5 + p/3)?
3
Let s be 13*(4 - (-6)/(-2)). Suppose 5 = -4*n + s. What is the units digit of n?
2
Let t = -9 - -74. Suppose -4*q + t = q. Suppose -k - 4 = -q. What is the units digit of k?
9
Let b = 29 - 13. Suppose 0 = 4*v - g - 45, b + 4 = 3*v + 2*g. Suppose 0 = 3*w - 2*w - v. What is the units digit of w?
0
Let u(l) be the second derivative of l**5/20 + l**4/2 - l**3 + 3*l**2/2 + 8*l. What is the tens digit of u(-6)?
3
Suppose -4*w = -2*r + 124, -3*w - r = -5*r + 93. Let n = -22 - w. What is the units digit of n?
9
Let a = -22 - 35. Let r be a/(-3) - (-1 + 2). What is the units digit of 6/(-12) - r/(-4)?
4
Let j = 36 - 4. What is the tens digit of j?
3
Let c = 5 - -9. Suppose 3*m - 7 = c. What is the units digit of m?
7
Let i(o) = -3*o + 2. Let p(z) = 2*z - 3. Let r(n) = 4*i(n) + 3*p(n). What is the units digit of r(-1)?
5
Suppose 0 = 3*o + 2*q + 1, -4*o = -2*q - 8. Let n = o - -1. Suppo